me factors of 18561?
3, 23, 269
What are the prime factors of 24311?
7, 23, 151
What are the prime factors of 8805?
3, 5, 587
List the prime factors of 51215.
5, 10243
List the prime factors of 11792.
2, 11, 67
List the prime factors of 484.
2, 11
List the prime factors of 43144.
2, 5393
What are the prime factors of 1024?
2
List the prime factors of 76189.
61, 1249
What are the prime factors of 843?
3, 281
List the prime factors of 457.
457
What are the prime factors of 3048?
2, 3, 127
What are the prime factors of 1737?
3, 193
What are the prime factors of 702?
2, 3, 13
What are the prime factors of 1715?
5, 7
What are the prime factors of 49347?
3, 5483
What are the prime factors of 2307?
3, 769
List the prime factors of 866.
2, 433
What are the prime factors of 13005?
3, 5, 17
List the prime factors of 2539.
2539
List the prime factors of 10075.
5, 13, 31
List the prime factors of 19678.
2, 9839
What are the prime factors of 3859?
17, 227
What are the prime factors of 6873?
3, 29, 79
List the prime factors of 19016.
2, 2377
What are the prime factors of 12696?
2, 3, 23
List the prime factors of 20067.
3, 6689
List the prime factors of 5378.
2, 2689
What are the prime factors of 5057?
13, 389
List the prime factors of 143.
11, 13
List the prime factors of 10378.
2, 5189
What are the prime factors of 174?
2, 3, 29
List the prime factors of 4251.
3, 13, 109
List the prime factors of 40414.
2, 11, 167
What are the prime factors of 5852?
2, 7, 11, 19
What are the prime factors of 709?
709
List the prime factors of 2248.
2, 281
List the prime factors of 36590.
2, 5, 3659
What are the prime factors of 1520?
2, 5, 19
List the prime factors of 10209.
3, 41, 83
What are the prime factors of 16383?
3, 43, 127
List the prime factors of 584.
2, 73
List the prime factors of 2441.
2441
What are the prime factors of 1209?
3, 13, 31
What are the prime factors of 6673?
6673
What are the prime factors of 800?
2, 5
What are the prime factors of 1320?
2, 3, 5, 11
List the prime factors of 12567.
3, 59, 71
What are the prime factors of 133430?
2, 5, 11, 1213
What are the prime factors of 3063?
3, 1021
What are the prime factors of 7140?
2, 3, 5, 7, 17
List the prime factors of 779.
19, 41
What are the prime factors of 16706?
2, 8353
List the prime factors of 2028.
2, 3, 13
What are the prime factors of 34889?
139, 251
What are the prime factors of 3841?
23, 167
List the prime factors of 1324.
2, 331
List the prime factors of 16138.
2, 8069
List the prime factors of 122132.
2, 19, 1607
What are the prime factors of 18773?
18773
List the prime factors of 33762.
2, 3, 17, 331
List the prime factors of 87705.
3, 5, 1949
List the prime factors of 4172.
2, 7, 149
List the prime factors of 64267.
7, 9181
List the prime factors of 385.
5, 7, 11
List the prime factors of 3131.
31, 101
List the prime factors of 4234.
2, 29, 73
List the prime factors of 673.
673
What are the prime factors of 1650?
2, 3, 5, 11
What are the prime factors of 171448?
2, 29, 739
List the prime factors of 1982.
2, 991
List the prime factors of 36388.
2, 11, 827
List the prime factors of 8305.
5, 11, 151
What are the prime factors of 1947?
3, 11, 59
List the prime factors of 3066.
2, 3, 7, 73
List the prime factors of 9163.
7, 11, 17
List the prime factors of 6828.
2, 3, 569
List the prime factors of 5526.
2, 3, 307
What are the prime factors of 15405?
3, 5, 13, 79
What are the prime factors of 93866?
2, 46933
List the prime factors of 90.
2, 3, 5
What are the prime factors of 1247?
29, 43
List the prime factors of 23962.
2, 11981
What are the prime factors of 31?
31
What are the prime factors of 135588?
2, 3, 11299
What are the prime factors of 3817?
11, 347
List the prime factors of 3052.
2, 7, 109
What are the prime factors of 362?
2, 181
List the prime factors of 3697.
3697
What are the prime factors of 1047?
3, 349
List the prime factors of 1127.
7, 23
What are the prime factors of 734?
2, 367
What are the prime factors of 128070?
2, 3, 5, 1423
List the prime factors of 21683.
21683
What are the prime factors of 3383?
17, 199
List the prime factors of 5081.
5081
What are the prime factors of 3526?
2, 41, 43
List the prime factors of 134955.
3, 5, 2999
What are the prime factors of 6096?
2, 3, 127
List the prime factors of 54112.
2, 19, 89
List the prime factors of 119238.
2, 3, 7, 17, 167
What are the prime factors of 13007?
13007
What are the prime factors of 5078?
2, 2539
List the prime factors of 853.
853
List the prime factors of 50227.
50227
What are the prime factors of 5417?
5417
What are the prime factors of 799?
17, 47
List the prime factors of 2599.
23, 113
What are the prime factors of 5260?
2, 5, 263
List the prime factors of 957.
3, 11, 29
What are the prime factors of 39982?
2, 19991
List the prime factors of 106.
2, 53
What are the prime factors of 17012?
2, 4253
What are the prime factors of 6707?
19, 353
What are the prime factors of 29?
29
List the prime factors of 591.
3, 197
List the prime factors of 1358.
2, 7, 97
What are the prime factors of 122685?
3, 5, 8179
List the prime factors of 255.
3, 5, 17
What are the prime factors of 3034?
2, 37, 41
List the prime factors of 194.
2, 97
What are the prime factors of 1972?
2, 17, 29
List the prime factors of 808.
2, 101
List the prime factors of 8889.
3, 2963
What are the prime factors of 2852?
2, 23, 31
List the prime factors of 11715.
3, 5, 11, 71
What are the prime factors of 2414?
2, 17, 71
List the prime factors of 50745.
3, 5, 17, 199
List the prime factors of 36440.
2, 5, 911
What are the prime factors of 1331?
11
List the prime factors of 12978.
2, 3, 7, 103
What are the prime factors of 1413?
3, 157
What are the prime factors of 993?
3, 331
List the prime factors of 9381.
3, 53, 59
List the prime factors of 19366.
2, 23, 421
List the prime factors of 7080.
2, 3, 5, 59
What are the prime factors of 1633?
23, 71
List the prime factors of 2045.
5, 409
List the prime factors of 7026.
2, 3, 1171
List the prime factors of 23262.
2, 3, 3877
What are the prime factors of 13602?
2, 3, 2267
What are the prime factors of 1233?
3, 137
What are the prime factors of 13560?
2, 3, 5, 113
What are the prime factors of 10068?
2, 3, 839
What are the prime factors of 1142?
2, 571
List the prime factors of 831.
3, 277
List the prime factors of 11.
11
What are the prime factors of 824?
2, 103
List the prime factors of 35870.
2, 5, 17, 211
What are the prime factors of 939?
3, 313
What are the prime factors of 18412?
2, 4603
What are the prime factors of 33?
3, 11
What are the prime factors of 5610?
2, 3, 5, 11, 17
List the prime factors of 1074.
2, 3, 179
What are the prime factors of 2918?
2, 1459
List the prime factors of 18168.
2, 3, 757
List the prime factors of 2837.
2837
What are the prime factors of 94066?
2, 7, 6719
What are the prime factors of 16281?
3, 67
List the prime factors of 4645.
5, 929
What are the prime factors of 48520?
2, 5, 1213
List the prime factors of 2337.
3, 19, 41
List the prime factors of 31216.
2, 1951
What are the prime factors of 25054?
2, 12527
List the prime factors of 566.
2, 283
List the prime factors of 58025.
5, 11, 211
List the prime factors of 10028.
2, 23, 109
What are the prime factors of 59513?
59513
What are the prime factors of 2508?
2, 3, 11, 19
List the prime factors of 62363.
7, 59, 151
List the prime factors of 62387.
13, 4799
List the prime factors of 11054.
2, 5527
List the prime factors of 1317.
3, 439
What are the prime factors of 1446?
2, 3, 241
What are the prime factors of 140628?
2, 3, 11719
List the prime factors of 457.
457
List the prime factors of 1602.
2, 3, 89
What are the prime factors of 42690?
2, 3, 5, 1423
What are the prime factors of 2152?
2, 269
List the prime factors of 4297.
4297
What are the prime factors of 1107?
3, 41
List the prime factors of 49755.
3, 5, 31, 107
What are the prime factors of 8402?
2, 4201
List the prime factors of 5989.
53, 113
What are the prime factors of 397?
397
What are the prime factors of 27454?
2, 7, 37, 53
What are the prime factors of 1489?
1489
What are the prime factors of 314?
2, 157
List the prime factors of 2739.
3, 11, 83
List the prime factors of 27113.
19, 1427
List the prime factors of 2819.
2819
What are the prime facto